s 7287923 a composite number?
True
Is 92693 composite?
False
Is 1312343 a prime number?
True
Is 4277293 prime?
True
Is 13817699 composite?
True
Is 1661237 a prime number?
True
Is 22330417 prime?
True
Is 104218759 prime?
False
Is 1543559 a composite number?
False
Is 33071 prime?
True
Is 1988159 a prime number?
False
Is 337499 prime?
False
Is 609687407 composite?
True
Is 7775671 prime?
False
Is 882157 prime?
True
Is 252417199 a composite number?
True
Is 44663005 a prime number?
False
Is 80708191 a composite number?
True
Is 5185283 a composite number?
True
Is 18714869 a prime number?
True
Is 3324773 a composite number?
True
Is 6004217 a prime number?
True
Is 335657053 a prime number?
True
Is 9939319 composite?
True
Is 816092471 prime?
True
Is 7946637 a prime number?
False
Is 86635001 prime?
False
Is 9203471 composite?
False
Is 1273457 a prime number?
True
Is 10625191 a prime number?
False
Is 14201111 a composite number?
False
Is 32572445 prime?
False
Is 64684013 composite?
False
Is 284579 a prime number?
False
Is 11595679 prime?
False
Is 931646465 composite?
True
Is 6535477 prime?
False
Is 2221199 a prime number?
False
Is 190455553 a composite number?
True
Is 9606299 a composite number?
False
Is 22815745 prime?
False
Is 382036397 a prime number?
True
Is 6996491 a composite number?
False
Is 40019219 a composite number?
False
Is 1525801 prime?
False
Is 29374199 composite?
False
Is 326773 a composite number?
False
Is 4991413 a composite number?
True
Is 29822321 composite?
False
Is 23323897 a prime number?
True
Is 5519197 a prime number?
True
Is 1922209 prime?
True
Is 2351795 prime?
False
Is 23840197 a composite number?
False
Is 1210449 a composite number?
True
Is 119539799 composite?
True
Is 3530803 prime?
True
Is 3253949 a composite number?
False
Is 7858787 prime?
False
Is 83617823 composite?
True
Is 13225993 composite?
True
Is 1616057 a composite number?
False
Is 59776943 a composite number?
False
Is 74341669 a composite number?
True
Is 61550033 a prime number?
True
Is 1623617 a composite number?
True
Is 42683971 composite?
True
Is 266113 a prime number?
False
Is 422821327 prime?
True
Is 934289 prime?
False
Is 583391 composite?
False
Is 184369 prime?
True
Is 13721585 prime?
False
Is 1588871 prime?
False
Is 1262497 a composite number?
True
Is 54083369 prime?
False
Is 2765743 a prime number?
False
Is 37217581 composite?
False
Is 17086429 composite?
False
Is 1072257017 prime?
False
Is 153313 prime?
True
Is 15986531 a prime number?
False
Is 390458 a prime number?
False
Is 170046395 a prime number?
False
Is 11889847 prime?
True
Is 2432921 prime?
False
Is 7527721 a composite number?
True
Is 5704483 composite?
True
Is 355412393 a composite number?
True
Is 3102419 composite?
False
Is 5718551 prime?
True
Is 76194557 prime?
False
Is 84379753 a prime number?
False
Is 805216171 a composite number?
False
Is 77888797 a composite number?
True
Is 69457867 composite?
False
Is 842200301 a composite number?
False
Is 124776061 a composite number?
False
Is 116412157 composite?
False
Is 2902191 a prime number?
False
Is 22336187 a prime number?
False
Is 695717 composite?
True
Is 236721811 a prime number?
True
Is 25364683 prime?
True
Is 4841951 a prime number?
True
Is 142262207 prime?
True
Is 2332103 a composite number?
False
Is 530971 prime?
False
Is 1612493 a prime number?
True
Is 46263323 a prime number?
False
Is 25518827 prime?
True
Is 9828761 composite?
False
Is 1523767 a composite number?
True
Is 17431237 prime?
True
Is 257105339 prime?
False
Is 171153383 composite?
False
Is 109776659 a prime number?
False
Is 402431831 composite?
True
Is 15993245 prime?
False
Is 4129955 prime?
False
Is 5766799 a composite number?
False
Is 976253 a prime number?
True
Is 17315057 composite?
True
Is 35949551 a prime number?
False
Is 127645697 composite?
True
Is 43585197 prime?
False
Is 145651463 composite?
True
Is 24054131 a composite number?
False
Is 11124533 a prime number?
False
Is 3802903 a composite number?
True
Is 11032579 prime?
True
Is 4206485 a composite number?
True
Is 3223481 a prime number?
True
Is 5260267 prime?
True
Is 2778863 prime?
True
Is 20105389 a composite number?
True
Is 474469 a composite number?
True
Is 46021 composite?
False
Is 30837253 prime?
True
Is 77976035 a composite number?
True
Is 5568293 a prime number?
False
Is 3435137 prime?
False
Is 15072781 a composite number?
True
Is 12578879 a composite number?
False
Is 1327043 composite?
False
Is 11012293 composite?
False
Is 168177309 composite?
True
Is 290848177 a composite number?
False
Is 24866167 a prime number?
True
Is 4164007 prime?
True
Is 130267601 prime?
False
Is 12641249 prime?
True
Is 94828763 a composite number?
True
Is 7448227 prime?
False
Is 16310633 a prime number?
False
Is 4416793 prime?
True
Is 418721321 composite?
False
Is 4002703 a composite number?
True
Is 116959523 prime?
False
Is 68867327 composite?
True
Is 631087 composite?
True
Is 4946531 a composite number?
True
Is 215620991 prime?
True
Is 70933 a prime number?
False
Is 228856393 prime?
True
Is 76539191 composite?
False
Is 930177061 a prime number?
False
Is 23596709 a prime number?
False
Is 96867137 prime?
True
Is 8307293 composite?
True
Is 41693879 a prime number?
True
Is 391983019 composite?
False
Is 55924333 a composite number?
False
Is 1742294 a composite number?
True
Is 232716901 a prime number?
True
Is 6379247 prime?
False
Is 104058841 prime?
False
Is 2349661 a composite number?
True
Is 17382263 a composite number?
False
Is 28743109 a composite number?
True
Is 19635769 a prime number?
True
Is 19427349 a prime number?
False
Is 115044523 prime?
False
Is 1165471 prime?
True
Is 736877 prime?
False
Is 404261281 prime?
True
Is 4378457 a prime number?
False
Is 961991 a prime number?
True
Is 18984521 composite?
False
Is 17209435 composite?
True
Is 13221101 composite?
False
Is 36140954 a composite number?
True
Is 426709919 prime?
False
Is 425591 a prime number?
True
Is 642295879 prime?
False
Is 5146235 composite?
True
Is 20553737 a prime number?
False
Is 1189522527 composite?
True
Is 440711 composite?
False
Is 6879781 a composite number?
True
Is 1316299 a prime number?
True
Is 249349 composite?
True
Is 833947 a composite number?
False
Is 1547241161 prime?
True
Is 114085457 prime?
True
Is 596856977 a composite number?
False
Is 10268617 a prime number?
True
Is 3302681 prime?
True
Is 128294293 prime?
False
Is 1973627 a composite number?
False
Is 92273789 prime?
False
Is 81217459 a prime number?
True
Is 517270907 prime?
False
Is 19368607 composite?
True
Is 102764689 a prime number?
False
Is 3342949 prime?
False
Is 2317577 composite?
False
Is 21708511 prime?
False
Is 65074663 composite?
True
Is 1657703 a prime number?
False
Is 32798761 a composite number?
True
Is 10580737 a composite number?
True
Is 968785 prime?
False
Is 1850021 composite?
False
Is 71072621 composite?
True
Is 3287143 prime?
True
Is 46688443 composite?
True
Is 2602033 a composite number?
True
Is 3658043 prime?
False
Is 6988843 a prime number?
False
Is 16079758 composite?
True
Is 51230649 a composite number?
True
Is 25307365 a composite number?
True
Is 1834171 a composite number?
True
Is 92438497 a composite number?
True
Is 822971 a composite number?
False
Is 36108497 composite?
False
Is 1554221 a prime number?
True
Is 2838827 composite?
False
Is 892709 a prime number?
True
Is 247725913 a prime number?
True
Is 488567 a composite number?
False
Is 2845417 a composite number?
False
Is 509339 a composite number?
True
Is 1530281 composite?
False
Is 8937035 composite?
True
Is 88767043 a prime number?
False
Is 4652149 prime?
True
Is 725740937 a composite number?
False
Is 66757217 composite?
True
Is 30924365 a prime number?
False
Is 165841 a composite number?
True
Is 72282103 composite?
False
Is 4281131 composite?
True
Is 3345773 composite?
True
Is 308212549 a composite number?
False
Is 3790607 a composite number?
True
Is 12489703 prime?
True
Is 53453011 composite?
False
Is 37455829 composite?
True
Is 2982919 a prime number?
True
Is 28729573 prime?
False
Is 50088217 prime?
True
Is 182672177 prime?
False
Is 3328085 composite?
True
Is 446647 a composite number?
False
Is 122069 a prime number?
True
Is 1386647 a composite number?
True
Is 8735473 prime?
False
Is 16343083 prime?
False
Is 4